 - 313. Let o(n) = -4*n. Let m be o(-5). What is the highest common divisor of d and m?
20
Suppose 3*k - 1 = 2*k, -v + 122 = k. Suppose 22 = 2*o + l, 3*l = -2*o + 27 - 5. What is the highest common divisor of o and v?
11
Let d = 160 - 23. Let y = d + -125. Let f be (-1)/3 - (-325)/3. Calculate the greatest common divisor of y and f.
12
Let g be 1235/171 - (-4)/(-18). Suppose -g*t + 7 + 28 = 0. Suppose -4*i + i = -60. Calculate the highest common divisor of i and t.
5
Let j = 158 - -245. Calculate the highest common divisor of 62 and j.
31
Let n = 114 + -304. Let r = n + 334. What is the highest common divisor of r and 16?
16
Suppose 28 - 193 = -11*a. Calculate the greatest common factor of a and 195.
15
Let g(d) = 0 + 0*d**3 - 1 - 1 - d**3 - 2*d**2. Let r be g(-2). Let k be (10 - -2)*(-2)/r. What is the greatest common factor of 60 and k?
12
Suppose -5*n - 8 = -113. What is the highest common factor of n and 7?
7
Suppose 4*o = 246 + 34. Let a(k) = 3*k**2 + k - 4. Let r be a(2). What is the highest common divisor of o and r?
10
Let k(w) = -2*w - 5. Suppose 45 = -4*b - b. Let g be k(b). Suppose 0*c + 39 = 3*c. Calculate the greatest common factor of g and c.
13
Let v = 620 - 605. Calculate the greatest common divisor of 405 and v.
15
Let i(n) be the third derivative of -n**4/12 + n**3/3 - 6*n**2. Let u be i(-2). Let r be (u/(-4))/((-9)/120). What is the highest common factor of r and 50?
10
Let t be -1*((-9)/1 + 0). Let p = 500 + -273. Let z = -137 + p. What is the greatest common divisor of z and t?
9
Let u(t) = -4*t - 3. Let g be u(-6). Let h be (-16)/(-6)*g/14. Suppose 3*n + 23 = h*n. What is the highest common factor of n and 184?
23
Let r be 1/(2/((-4)/(-6)*51)). Let q(p) = -2*p**3 - 3*p**2 + 3*p - 7. Let j be q(-5). Calculate the greatest common factor of j and r.
17
Let c be (3906/49)/(3/126). What is the highest common factor of 108 and c?
108
Let x = 15 - 6. Suppose 0 = 2*d - 18*d - 5*d + 21. What is the greatest common factor of d and x?
1
Let r be 2 + -6*(-3)/(-6). Let g be r + 7 + -3 + 0. Suppose 0 = -2*x + 5*q + 60, -g*x + 81 = -2*q - 31. What is the greatest common factor of x and 20?
20
Suppose 0 = -4*l + 4*d - 12, -5*d + 19 = -0*l - l. What is the highest common factor of 107 and l?
1
Let o(z) = -74*z + 18. Let r be o(-1). Calculate the highest common factor of 161 and r.
23
Suppose 0 = -5*i + 10, -j - 80*i + 4 = -81*i. Suppose 142 + 10 = 3*s - 4*n, -n = 4*s - 190. What is the highest common divisor of j and s?
6
Suppose -5*l - 10 = -10*l. Suppose l*i + 16 = 6*i. Let z be (-3)/4 + 71/i. What is the greatest common factor of z and 68?
17
Let r = 45 - 51. Let q be 1 + 55 - (8 + r). Suppose 4*p - 2*p = 270. What is the greatest common factor of q and p?
27
Let v be (1/(-2))/(2/(-48)). Let u be 62 + -7*(-6)/(-21). Calculate the highest common factor of v and u.
12
Suppose 5*v = 3*z - 2*z - 11, -4*z - v = 40. Let i = z + 10. Let k(t) = 3*t - 4. Let y be k(2). What is the highest common divisor of i and y?
1
Let z be 58 + (2*-3 - -4). Let h = 154 - z. Calculate the greatest common factor of h and 14.
14
Let x(k) = -14*k - 40. Let g be x(-12). What is the highest common divisor of g and 16?
16
Suppose 4*c = -0*c + 456. Calculate the greatest common divisor of c and 38.
38
Let b = -1355 - -1385. Calculate the highest common divisor of 330 and b.
30
Suppose 10*h - 1264 - 436 = 0. What is the highest common factor of 30 and h?
10
Let x(p) = 56*p**2 + 7*p + 9. Let n be x(-1). Calculate the highest common factor of n and 6.
2
Suppose 0 = 2*k + k - 768. Let w be (-366)/45 - -8 - (-964)/30. What is the highest common divisor of w and k?
32
Let l be -37 + 147 + (2*-2)/(-1). What is the greatest common factor of l and 190?
38
Let c(l) = l**3 - 20*l**2 + 39*l + 26. Let s be c(18). Suppose 6*h = s + 88. What is the highest common factor of h and 8?
4
Let l(v) = -17*v - 2. Let w(r) = r. Let h(n) = l(n) + 2*w(n). Let a be h(-5). Suppose 19 = -2*z + a. What is the greatest common divisor of 3 and z?
3
Let n be 108/5 + ((-8)/(-20))/1. What is the highest common factor of 14 and n?
2
Let t be (36/(-8) + 4)*-40. Let c(b) = -b**3 - 8*b**2 - b - 3. Let m be c(-8). What is the highest common factor of m and t?
5
Let g(d) = -14*d + 4. Let u(v) = v + 11. Let p be u(-9). Suppose 15 - 7 = -p*t. Let j be g(t). What is the highest common divisor of j and 24?
12
Let o = -2484 + 2504. Calculate the highest common factor of o and 3620.
20
Suppose 0 = -3*n - 3, -2*l = -5*n + 23 + 12. Let f be 4/(l/(-85)) - 1. Suppose 64 = r + r. Calculate the highest common factor of f and r.
16
Suppose -4*s + 0*s + 15 = 3*k, 5*k = -2*s + 11. Suppose 8 = s*g - 70. Calculate the greatest common factor of g and 13.
13
Let m be (-9 + 1)*(78/(-12) - -6). Calculate the greatest common divisor of 236 and m.
4
Let f be (-3020)/(-12)*((-8)/(-8) + 5). What is the greatest common divisor of f and 20?
10
Suppose -2771 + 131 = -8*z. Calculate the highest common divisor of 220 and z.
110
Let v(o) = -o**3 - 5*o**2 + 7*o. Let u be v(-8). Let b(h) = -11*h - 16. Suppose -36 + 24 = 4*z. Let k be b(z). Calculate the greatest common divisor of u and k.
17
Let p = 33 - 20. Let q be ((-3)/2)/(6/(-8)). Suppose -3*m - 2*x + 191 = q*x, 4*m - 4*x = 264. What is the greatest common factor of p and m?
13
Let p be (-3 - -1)/(3*(-3)/36). Let r be (4/(-7))/(8/(-56)). Calculate the highest common factor of r and p.
4
Suppose -14*d + 205 = 37. Calculate the highest common divisor of 164 and d.
4
Let g = 38 - 3. Suppose 45 = u + 10. Suppose -p + u = 4*p. Calculate the greatest common divisor of p and g.
7
Let a(u) = 9*u + 3. Let p be a(4). Suppose 123 = -5*t - 3*y, 0*t + t = 3*y - p. Let w be ((-8)/12)/(1/t). What is the highest common divisor of w and 2?
2
Let l be (-12)/960*10 - (-217)/8. Calculate the highest common divisor of 639 and l.
9
Let w(b) = 37*b**2 + 2*b + 3. Let j be 3/(0 - (-1 - -2)). Let x be w(j). Let s(y) = -3*y + 6. Let f be s(-8). Calculate the highest common factor of x and f.
30
Let z = -89 - -169. What is the highest common factor of 320 and z?
80
Suppose 0*l - 75 = 3*l. Let y(j) = j**2 - 5*j - 8. Let t be y(9). Let b = l + t. What is the greatest common divisor of 27 and b?
3
Let d(i) = 34*i + 376. Let p be d(44). Calculate the highest common factor of p and 24.
24
Let l be 66/4 - (-3)/(-6). Suppose -5*i = 3*n + 7, 3*i - 3*n = -i + l. Calculate the greatest common factor of i and 2.
1
Let i(f) be the first derivative of 67*f**3/3 + f + 4. Let n be i(1). Let a be 13/39 + (-1018)/(-6). Calculate the highest common divisor of n and a.
34
Let o be 2*(2*-8 - -2). Let p = o + 41. Calculate the highest common factor of 13 and p.
13
Suppose 8075 = -95*w + 120*w. Calculate the greatest common divisor of w and 85.
17
Suppose -2*y + 5*z = -7*y + 40, -5*z + 28 = 4*y. What is the greatest common divisor of y and 84?
12
Suppose 0 = -6*o + 12980 - 4364. Let y be (-4)/20*-1 + o/20. Calculate the highest common divisor of y and 18.
18
Let z be 1/(2/6*-3). Let h be (z - -1 - 1)*-4. What is the greatest common factor of h and 4?
4
Let k be 165/(-2)*((-352)/(-20))/(-11). Calculate the highest common factor of k and 18.
6
Suppose 2*m + 6404 = 5*o, 2*o + 2*m - 2556 = -0*o. What is the highest common divisor of o and 10?
10
Let b be (42/(-10))/((-6)/30). Suppose -b = -v - 6. What is the highest common divisor of 135 and v?
15
Suppose -4*n + n + 21 = 0. Let o = n + -5. Let f be (-24)/10*315/(-42). What is the highest common divisor of o and f?
2
Suppose -5*f + 180 = -3*f. Suppose -f = -b - 36. Calculate the greatest common divisor of 135 and b.
27
Suppose 0 = -100*t + 119*t - 4845. Calculate the greatest common divisor of 195 and t.
15
Let n(i) = i + 66. Let q = -45 + 25. Let h be n(q). What is the highest common divisor of 368 and h?
46
Let l = -1197 + 1571. What is the highest common factor of l and 34?
34
Let v be (196/(-42))/((-6)/36). What is the greatest common divisor of v and 189?
7
Suppose -5*k - 2*s + 350 = -325, 0 = 2*k - 5*s - 241. Let u = k - 73. Calculate the highest common divisor of 40 and u.
20
Suppose -5*u + 9*u - 68 = 0. Suppose 3*x = 4*x - u. What is the greatest common factor of 17 and x?
17
Let b be (12/(-7))/2*-7. Suppose 5*i - a = 29, 3*i - i = 4*a + 8. Suppose i*r - 10*r + 168 = 0. Calc